ided by j.
46
Let d(v) = 4*v + 10. Let g be d(6). What is the remainder when 36 is divided by -2 - (-2 + -3) - g/(-2)?
16
Let k = -43 + 49. Suppose d = u - 3, 4*d + k = -2*u - 0. What is the remainder when 81 is divided by ((-8)/16)/(3/276*d)?
12
Let q = 4255 - 4206. Calculate the remainder when 776 is divided by q.
41
Let h(a) = 5*a**2 + 4*a + 4. Let p be h(-6). What is the remainder when 4 is divided by p/56 - 1/(-7)?
1
Let l(i) = 2*i**3 + 25*i**2 + 2*i - 26. Let z be l(-12). Suppose 0 = -3*b - h + z, 5*h - 151 = -5*b - 1. Calculate the remainder when 60 is divided by b.
28
Let t(i) be the third derivative of -i**5/15 + 31*i**4/8 - 3*i**3 + 44*i**2. What is the remainder when 641 is divided by t(22)?
89
Let y(q) = q**3 + 44*q**2 + 41*q - 69. What is the remainder when 951 is divided by y(-43)?
16
Let m(c) = 14*c**2 - 2. Let g be m(1). Suppose 7*t = g*t - 190. What is the remainder when 110 is divided by t?
34
Suppose -294 = -4*s + 1734. Let f = -128 + 132. Suppose 0 = -f*i - 207 + s. What is the remainder when i is divided by 40?
35
Let x(y) = 21*y**2 - 2. Let c(f) = -f**2 - 6*f + 9. Let j be c(-7). What is the remainder when x(j) is divided by 29/((-232)/60)*28/(-10)?
19
Suppose 0 = -28*x + 2850 - 78. Suppose 5*c - 950 = -0*c. Suppose -2*t - 3*t - c = -5*i, -5*i = 5*t - 150. Calculate the remainder when x is divided by i.
31
Let k = -93 + 89. Let l be 1/(-10)*k + 64/(-10). Let z(o) = 2*o + 39. What is the remainder when z(l) is divided by 5?
2
Suppose r = -5, 3*g - 4*r = -2*g + 1925. Suppose 0 = 5*y + 4*c + 135 - 512, -5*y = 2*c - g. What is the remainder when 293 is divided by y?
62
Suppose 38262*t - 5265 = 38235*t. Calculate the remainder when 626 is divided by t.
41
Let z(r) = 2*r**3 + 20*r**2 + 20*r + 9. What is the remainder when 369 is divided by z(-6)?
15
Let y(a) = -83*a - 125. Let s(o) = 164*o + 249. Let i(k) = 4*s(k) + 9*y(k). What is the remainder when i(-4) is divided by 28?
11
Let x = 10272 - 10260. What is the remainder when 2241 is divided by x?
9
Suppose -2*v = -5*w - 42, w - 97 = 15*v - 18*v. Let k = -26 + 43. What is the remainder when v is divided by k?
14
Let s be (-8)/(-2)*(1 + 0). Suppose 5*t - 5*y = 15, -18 = -5*t + 3*t - s*y. Let x = 423 + -400. Calculate the remainder when x is divided by t.
3
Suppose 6*c - 44 = -5*c. Suppose 285 = c*u + 9. What is the remainder when 264 is divided by u?
57
Suppose 2*r = 5*u - 430, -4*u - 5*r + 377 = -0*r. Let d = u - 63. Calculate the remainder when 12/36 - (-884)/12 is divided by d.
24
Suppose g = 14 + 32. Let b be -5 - (-5 - (1 + 3)). Suppose b*n + l - 424 = 303, -n + 178 = -l. What is the remainder when n is divided by g?
43
Let l = 97 - 34. Let g(s) = -s**3 - 40*s**2 - 142*s + 83. Calculate the remainder when l is divided by g(-36).
8
Let t(p) = -p**2 + 5*p - 2 - 2*p**2 + 5*p**2. Suppose 1207*f - 870 = 1120*f. Calculate the remainder when t(3) is divided by f.
1
Suppose 566 - 14 = 7*v + 5*v. What is the remainder when 222 is divided by v?
38
Let r = 1187 + -1127. Calculate the remainder when 235 is divided by r.
55
Let z = 81 - -15. Suppose -19*d + 4 = -20*d, 23 = k - 4*d. What is the remainder when z is divided by k?
5
Calculate the remainder when 1055 is divided by 34/(68/(-18)) - 1*-106.
85
Let g(w) = -4*w**3 - 2*w**2 - 174*w - 349. What is the remainder when 0/(1 + 1) - -66 is divided by g(-2)?
20
Suppose 31 = 6*o + 1. Suppose 7*n - 3*n - 116 = 3*g, -o*g = 0. What is the remainder when n is divided by 16?
13
What is the remainder when 148/222*((-6951)/(-2))/7 is divided by 98?
37
Suppose 5*n - 5*p + 1 = -9, -4*p + 13 = n. Suppose 225 = -u + 5*v + 262, 4*v + 30 = u. Calculate the remainder when ((u - -5) + -6)/(n/38) is divided by 24.
14
Suppose 3*v + 0 = 162. Suppose 0 = 5*m + 5*t - 3*t - v, 4*m + 5*t - 50 = 0. What is the remainder when 48 is divided by m?
8
Let j be 20 + -1*(2 + 0). Suppose 5 = -5*x, -28*x = 2*l - 24*x + 70. Let s = j - l. Calculate the remainder when s is divided by 18.
15
Let r(b) = b**2 - 24*b - 84. What is the remainder when 811 is divided by r(28)?
27
Suppose 0 = 11*v + 5*v - 747 - 1205. What is the remainder when 187 is divided by v?
65
Suppose 27*a = -26*a + 86549. Calculate the remainder when a is divided by 26.
21
Let d = 80 + -71. Suppose -d*o = -8*o - 5. Calculate the remainder when 3*(-2)/(-6) + 15 is divided by o.
1
Let y be 6/(4 - (-10806)/(-2706)). Suppose 45*b - y = 1438. Calculate the remainder when 167 is divided by b.
11
Let j(q) = q**3 + 24*q**2 - 52*q + 48. Calculate the remainder when 170 is divided by j(-26).
26
Let q = 215 - 519. Let z = q + 484. Calculate the remainder when z is divided by 47.
39
Suppose 7*n + 2876 - 3058 = 0. Let b = -26 + 22. What is the remainder when (2/(-1) + -30)*b is divided by n?
24
Let z = 9943 - 9931. Suppose -5*i = -4*t + 272, 5*t = 2*i + 250 + 90. Calculate the remainder when t is divided by z.
8
Suppose -4*b + 4782 = -3*d, 0 = -5*b + 4*d + 1625 + 4353. Calculate the remainder when b is divided by 9.
6
Let t = -26 - -30. Suppose t*x - 5*x = -5*x. Suppose x = 2*k - 0*k - 44. What is the remainder when k is divided by 6?
4
Suppose -8723 = -26*a + 10959. Let p = -705 + a. What is the remainder when p is divided by 9?
7
Let n(z) = -4*z + 4. Let k = -12895 + 12903. What is the remainder when n(-6) is divided by k?
4
Suppose 2*y + 0*y + 2*k = 132, 4*k = 12. What is the remainder when 530/424*14056/35 is divided by y?
61
Let p(v) be the third derivative of -7*v**4/8 - 49*v**3/6 - 2*v**2. Calculate the remainder when 138 is divided by p(-4).
33
Let w = -4667 + 4785. Calculate the remainder when w is divided by 69.
49
Let a = 395 - 505. What is the remainder when (a/(-40))/((-2)/(-40)) is divided by 21?
13
Suppose 158 = -3*p - 28. Let j = p - -48. Calculate the remainder when (j/8)/(4/(-16)) is divided by 4.
3
Let p = 218 + -228. Let o = p - -56. Calculate the remainder when o is divided by 13.
7
Suppose -6510 = -5*o - 5*v, 5217 = 4*o + 1989*v - 1984*v. What is the remainder when o is divided by 403?
84
Let i be (-9)/2 - 9/18. What is the remainder when 96 is divided by -2*(-1 - (-30)/i)?
12
Suppose 3*o - 4*z - 92 = 0, -5*z + 3 = -2*o + 76. Calculate the remainder when 1702 is divided by o.
22
Let m(r) = 8*r**3 + 6*r**2 + 2*r - 10. Let p be m(2). Suppose 126 = 2*v + p. Calculate the remainder when 28 is divided by v.
6
Let r(c) = -c**2 - 126*c - 1404. Calculate the remainder when r(-111) is divided by (-924)/(-10) - 4/10.
77
Suppose -138 = 4*i - i - a, -3*a - 150 = 3*i. Let w be ((-47)/i)/(-1 + 28/27). Let k = w - -2. What is the remainder when k is divided by 10?
9
Let n(v) = -63*v**2 - 506*v + 8. Let o = -12 + 98. What is the remainder when o is divided by n(-8)?
14
What is the remainder when -4*1/(-4) - -250 is divided by (-2 + -2)*(-20)/5 - (-6)/(-3)?
13
Let k(g) = -g**3 + 18*g**2 - 8*g + 9. Let r be k(8). Suppose 6*v - r = 63. What is the remainder when v is divided by 10?
8
Let a be (2*(-3)/24)/(2/(-16)). Let j(v) = 66*v - 46. What is the remainder when 169 is divided by j(a)?
83
Let u be 23256/(-42) + ((-80)/(-14) - 6). Let f = -549 - u. What is the remainder when 32 is divided by f?
2
Let n(f) = -f + 219. Let t be n(0). Let x be ((-50)/15)/((-2)/t). Suppose -3*k - 2*k + x = 0. Calculate the remainder when k is divided by 15.
13
Let n = 673 + -673. Suppose -5*m - 43*m + 7296 = n. Calculate the remainder when m is divided by 14.
12
Let x = -141 - -141. Suppose 8*w - 9*w + 1 = x. What is the remainder when 7 is divided by w?
0
Let t = 27 - 5. Let u = -75 + 75. Suppose -61*b + 59*b + 86 = u. What is the remainder when b is divided by t?
21
Suppose -7*l + 172 = -3*l. Let b(c) = 176*c - 27. Let z be b(2). Suppose -z + 72 = -11*n. Calculate the remainder when l is divided by n.
20
Let o(h) = -11*h - 11*h + h**3 - 3*h + 9*h**2 - 12. Calculate the remainder when o(-10) is divided by 14.
12
Suppose 2*m - r - 3909 = 0, 5*r - 1927 = 43*m - 44*m. What is the remainder when m is divided by 647?
11
Calculate the remainder when 441 is divided by ((-1)/(-6) - 2717/38)/((-4)/6).
13
Let y(z) = -33*z + 9 + 23*z - 11*z**2 + 10*z**2. Suppose -4*n - 26 + 6 = 0, 15 = -5*l - 4*n. Calculate the remainder when y(0) is divided by l.
0
Let x = 2642 - 2632. Suppose 5*h + 167 = 757. What is the remainder when h is divided by x?
